1 + o + k + 2. Give b(0).
-1
Let n(v) = 8*v + 13. Let j(i) = -12*i - 19. Let h(q) = -5*j(q) - 7*n(q). Let l(k) = -710 + 695 - 54*k + 39*k. Let p(y) = 22*h(y) + 6*l(y). Give p(3).
-8
Let u(a) = a**3 + 20*a**2 - 4*a - 8. Suppose -43*m - 408 = 20*m + 852. Calculate u(m).
72
Let r = -3 + -1. Let x(p) = -p**3 - 8*p**2 - 6*p - 28. Let k be x(-8). Let j(z) = 18*z - 52*z + 2 + k*z + 17*z. What is j(r)?
-10
Let l(b) = -1119 + 1126 - b**2 - 15*b + 14*b. Let r be 10/8*(-6 + 2). Give l(r).
-13
Let n(d) = -d + 14. Let k be n(9). Suppose -k*g = q - 17, 0 = 5*q - 13 + 3. Let f(a) = 4*a**2 + 0*a**3 + 0*a**3 - a**3 - a**2 - 3 - a. Calculate f(g).
-6
Let m be ((-28)/(-21))/(1/(-3)). Let g(y) be the second derivative of y**2 + 0 + 0*y**3 - 8*y + 1/12*y**4. What is g(m)?
18
Let h(o) = 54*o + 1. Let s(g) = g**2 - 369*g - 24. Let j(q) = -7*h(q) - s(q). Calculate j(4).
-35
Suppose 2*v + 0*t - 3*t - 428 = 0, 5*t - 604 = -3*v. Suppose -23 - v = -33*r. Let x(o) = o**3 - 6*o**2 - 6*o - 6. Calculate x(r).
1
Let k(v) = v**2 + 60*v + 17. Let p(o) = -3*o**2 - 161*o - 52. Let j(f) = -8*k(f) - 3*p(f). Determine j(-8).
60
Let c(r) = 3*r - 14. Suppose 72 = -2*x + 14*x. Suppose 3*v = 2*k - 15, 3 = -x*v + 3*v. What is c(k)?
4
Suppose -10 - 14 = -12*l. Suppose -5*z + 15 = -0*z + 4*j, -l*z = -3*j + 17. Let d(y) be the first derivative of 16*y**3/3 - y + 1. What is d(z)?
15
Let u(m) = -1 - 4*m + 3*m + 3*m. Let h = -816 + 817. Give u(h).
1
Let q(a) = 16*a**3 + a**2 - 12*a - 18. Let l(t) = -7*t**3 - t**2 + 6*t + 8. Let n(z) = -9*l(z) - 4*q(z). Suppose 0 = -9*p + 5*p + 16. Calculate n(p).
-8
Let s(p) = -4*p - 63. Let a(w) = -16. Let f(g) = -20*a(g) + 5*s(g). Give f(1).
-15
Let b = 1041 - 1003. Let z(n) = -27*n + 28*n + 10 - b. What is z(20)?
-8
Let f(a) = -a**2 - 8*a + 1. Suppose -4*x - 148 = -3*s, -x + 71 = 5*s - 168. Suppose -3*l - 174 = -3*o, -4*l + 6*o = 3*o + 228. Let k = s + l. Determine f(k).
13
Let p(c) = -4*c - 3. Let g be p(-2). Let o be (3/1)/(135/36 - 3). Let f(u) = -1 + o + 5*u - 3 + g + u**2. Calculate f(-6).
11
Let m(a) = -49*a - 31. Let p(t) = -58*t - 30. Let s(f) = -7*m(f) + 6*p(f). What is s(11)?
-18
Let i(r) be the third derivative of r**5/30 - r**4 + 5*r**3/3 - r**2 - 305*r - 3. Give i(12).
10
Let z(h) = 2*h**3 - 30*h**2 + h - 10. Let o be z(15). Suppose 6 = o*w + 2*k - 5, -w - 5*k = 7. Let g(s) = -s**3 + 3*s**2 - 2*s - 1. What is g(w)?
-7
Let i(g) be the second derivative of -2*g**3/3 - 6*g**2 - 743*g. Let u(p) = -3*p - 13. Suppose 0 = 3*x - 2*x - 3. Let k(m) = x*u(m) - 2*i(m). Determine k(-9).
-6
Suppose -4*n + 17 = -5*o, 51*o - n = 52*o + 16. Let m(b) = b + 27. Give m(o).
18
Suppose 0 = -5*i - 0 + 5. Let j(b) be the second derivative of -b - 1/2*b**2 + 5/6*b**3 + 15. Calculate j(i).
4
Suppose 0 = -5*j + 4*y + 43, 3*j + 2*y + 2*y - 13 = 0. Let i(w) be the third derivative of w**4/6 - w**3/6 + 2145*w**2. What is i(j)?
27
Let k(d) be the first derivative of -d**2 + 1/12*d**4 + 7 + d + 1/2*d**3. Let z(s) be the first derivative of k(s). Determine z(-4).
2
Let k(s) = -4*s - 2. Let q = 11 - 53. Let a(l) = -54*l + 550. Let d be a(11). Let b = d - q. Calculate k(b).
6
Let t(x) = -30*x**2 - 243*x - 20. Let i be t(-8). Let h(c) = 125*c - 506. What is h(i)?
-6
Let y(x) be the second derivative of -x**7/2520 - x**6/240 + x**5/24 - 35*x**4/6 - x - 8. Let a(q) be the third derivative of y(q). Give a(-4).
1
Let n(w) = w**2 - 9*w + 5. Let m = -98 - -13. Let z = m - -84. Let f(u) = u. Let k(x) = z*n(x) - 2*f(x). Calculate k(6).
1
Let v(k) be the first derivative of 7*k + 9/2*k**2 + 1/3*k**3 - 3. Suppose 11*o - 6*o + 2*c + 52 = 0, -14 = o + c. What is v(o)?
-1
Let l(i) = 13*i**2 + 12 + 16*i + 9*i**2 - 33*i**2 + 6*i**2 + 7*i**2. Determine l(-6).
-12
Let b(g) be the first derivative of -g + 58. Let r(h) = 3*h - 12. Let d(z) = z - 1. Let u(x) = 5*d(x) - r(x). Let k(o) = 6*b(o) + u(o). Give k(-5).
-9
Let f(s) = -3*s**3 + 4*s**2 - 5*s + 5. Let g(p) = p**3 + p**2 - p + 1. Let h(y) = f(y) + 2*g(y). Let b be 7*-2 - (-62 + -34 + 77). What is h(b)?
-3
Let c be (3/(-2))/(14/28). Let w(h) = 2*h**2 + 15*h - 12. Let f(p) = p**2 + 7*p - 5. Let v(a) = c*w(a) + 5*f(a). Calculate v(-11).
0
Let n(x) = x - 19. Suppose 13 - 11 = -2*d, 4*a = -4*d + 524. Let k = -132 + a. Calculate n(k).
-19
Let d(o) = 4*o**2 + 7*o + 3. Let n(q) = -8*q**2 - 16*q - 7. Let y(b) = 9*d(b) + 4*n(b). Let r be (-48)/30 - (-5)/(100/12). Calculate y(r).
4
Suppose 35*c = -52*c - 56*c + 2145. Let b(i) be the second derivative of 1/2*i**3 + 2*i**2 + 0 - 1/12*i**4 - c*i. Determine b(3).
4
Let l(s) = -7 + 7*s + 9*s - 17*s. Let t(f) = -5*f**2 + 17*f - 18. Let k be t(1). What is l(k)?
-1
Let g(n) = -2*n - 61. Let s be g(-29). Let k(h) = -13*h - 19. Calculate k(s).
20
Suppose -5*q - 2*q = -14. Suppose q*s + 10 = 7*s - 2*m, -8 = -4*s - m. Let a(j) = 3*j**2 + 6*j**s - 10*j**2 - 5*j - 10 - 4*j. Determine a(-7).
4
Let d(o) = 75 + 0*o - 78 - 5*o**3 + 6*o**2 - 6*o + 4*o**3. Suppose 0 = z + 1 - 6. Give d(z).
-8
Suppose 7 = 4*j + 2*s - 7, -5*s = 4*j - 29. Let c(l) = 3*l - 43. Let p be c(15). Let i(f) = -f - 122*f**2 + 65*f**p + 55*f**2 + 2*f. Give i(j).
-1
Let u(w) = 12*w. Let l(t) = 75*t - 3. Let c(k) = l(k) - 6*u(k). Suppose 2 = -2*y - 14. Determine c(y).
-27
Let q(d) = -4*d + 1. Let k = 17 - 9. Let s be (0 + -3)*1 + k. Suppose -4 = s*a - a. Give q(a).
5
Let v(a) = 9*a**2 - 11*a**2 + 7*a**3 - 58*a + 51*a - 3 - 1. Calculate v(-2).
-54
Let p(u) = -764*u - 4607. Let v be p(-6). Let o(z) = 4*z + 91. Give o(v).
-1
Suppose 5*d + d = 6. Let b(v) = 13*v + 14. Let z be b(6). Let f(u) = -3*u**2 - d + u**2 - 88*u + z*u + 2. Determine f(3).
-5
Let h(o) = -12306*o**3 + 3 + o - 1 + 12309*o**3 - 2*o**2. What is h(2)?
20
Let p(l) = -7679940 + 7679936 + 76*l - l**2 - 3*l**2. What is p(19)?
-4
Let o(b) = -6*b**2 - 1. Let v(d) = -22*d + 10*d + 18*d - 3. Let p be v(1). Suppose -3*y + 3*j - 6 + p = 0, -4*j = -3*y - 3. Give o(y).
-7
Let i(k) = -k + 4. Suppose -32 = -5*l - 2*q, -l + 6*l - 28 = 2*q. Let r be (1 + 7)/(l - (-8)/(-2)). Let d be r/(-28) - (-66)/21. Calculate i(d).
1
Let f(j) be the third derivative of 4*j**2 + 1/4*j**4 - 7/6*j**3 + 2 + 0*j - 1/60*j**5. Determine f(5).
-2
Let j(t) = -t**3 + t**2 + t + 2. Suppose 9*u = 11*u - 18. Let h = 20 - 1. Suppose 4*x = -n + h - 6, 3*x + u = 3*n. Determine j(x).
0
Let f(k) = 18*k**2 + 6*k + 14. Let c(r) = -29*r**2 - 9*r - 22. Let d(t) = -5*c(t) - 8*f(t). Calculate d(5).
8
Let i(u) = -u + 41. Let c(g) = -2*g**3 - 25*g**2 - 61*g + 24. Let x be c(-9). Calculate i(x).
35
Let z(l) = -l + 3. Let f be 3/(-24) + 2379/(-104). Give z(f).
26
Let b(h) = h**2 + 6*h - 4. Suppose 0 = 6*u - 7*u + 2. Suppose 6 = -u*j + 24. Suppose -l + 4*f = j, 4*f = -l - 4*l - 21. Calculate b(l).
-9
Let q(c) = 2*c**3 - 38*c**2 + 39*c + 47. Let r(g) = -3*g**3 + 57*g**2 - 58*g - 70. Let d(h) = -7*q(h) - 5*r(h). Give d(18).
3
Let d(w) be the third derivative of 0*w - 1/2*w**3 - 150*w**2 + 0 - 1/3*w**4. Calculate d(2).
-19
Let f(q) = q**2 + q. Let d(o) = -5*o - 8. Let p(n) = d(n) + f(n). Suppose 17 = 2*u + 5*r, 5*r + 5 + 14 = 4*u. Calculate p(u).
4
Let i(l) = -2*l**3 - 28*l**2 + 65*l + 52. Let h(y) = y**3 + 14*y**2 - 32*y - 28. Let g(p) = 5*h(p) + 3*i(p). Give g(-16).
-32
Let s(g) = g**2 - 9*g + 9. Suppose 4*q - 3 - 5 = 0. Suppose -j + 0 - q = 0. Let a be j*(-16)/5 + (-51)/(-85). Calculate s(a).
-5
Let m(l) = l**3 - 5*l**2 - 7*l + 6. Let h be (-12)/(-10)*(-80)/(-12). Let d = 14 - h. Let t be 78/(-65)*(1 - d). What is m(t)?
0
Let j(m) be the first derivative of m**4/24 - m**3 + 76*m**2 - 2*m - 51. Let r(h) be the second derivative of j(h). Calculate r(10).
4
Let s(w) = -17*w**3 - 5*w**2 + 17*w + 21. Let f be s(-1). Let o(l) = 3*l**2 - 49*l. Calculate o(f).
-16
Let c(t) = -5*t + 1. Let i = 5 + -1. Suppose 3*d = -q - 21, -4*d - 29 + 1 = 3*q. Let v = d + i. Determine c(v).
16
Let b(w) be the third derivative of 3*w**2 - 4 + 1/8*w**4 + w**3 + 0*w. Calculate b(-4).
-6
Let f be (-5 - (-5 - 57))/((-3)/8). Let r = f + 154. Let p(l) = 2*l**2 - 2. Give p(r).
6
Let o = 577 - 572. Suppose -o*y + 257 = 287. Let q(i) = -i**2 - 11*i - 5. Give q(y).
25
Suppose 2*b + 69 = 5*v - 2*b, 25 = v + 2*b. Let p = -5 + v. Suppose 0 = -4*f - 16, -4*c - f + 0 - p = 0. Let z(m) = -m**3 - 3*m**2 - 2*m - 1. Calculate z(c).
-1
Let v be (-33)/11*(-11)/(-11). Let g(j) = j**2 + 5*j -